{"id":9,"date":"2017-12-17T20:29:59","date_gmt":"2017-12-17T20:29:59","guid":{"rendered":"http:\/\/agus-kempten.de\/site\/?page_id=9"},"modified":"2017-12-17T22:00:26","modified_gmt":"2017-12-17T22:00:26","slug":"wir-wollen","status":"publish","type":"page","link":"https:\/\/agus-kempten.de\/site\/wir-wollen\/","title":{"rendered":"Wir wollen"},"content":{"rendered":"<p>Wir wollen<br \/>\n&#8230; die \u201eMauer des Schweigens&#8220; \u00fcberwinden<br \/>\n&#8230; uns gegenseitig st\u00fctzen<br \/>\n&#8230; und begleiten<br \/>\n&#8230; ein St\u00fcck unseres Weges<br \/>\n&#8230; gemeinsam gehen<br \/>\n&#8230; zuh\u00f6ren<br \/>\n&#8230; achtsam sein<br \/>\n&#8230; uns Zeit lassen<br \/>\n&#8230; unsere Trauer<br \/>\n&#8230; zu verarbeiten<br \/>\n&#8230; nicht werten<br \/>\n&#8230; Kontakte kn\u00fcpfen<br \/>\n&#8230; Information und Hilfen<br \/>\n&#8230; anbieten<br \/>\n&#8230; keine Therapie\u00a0ersetzen.<\/p>\n<p>Wir haben es uns zur Aufgabe gemacht, die Betroffenen in ihrer Trauer nicht allein zu lassen. Gemeinsam versuchen wir, die neue Situation anzunehmen, Vergangenes hinter uns zu lassen, um in Zuversicht und Vertrauen vorw\u00e4rts zu gehen.<\/p>\n","protected":false},"excerpt":{"rendered":"<p>Wir wollen &#8230; die \u201eMauer des Schweigens&#8220; \u00fcberwinden &#8230; uns gegenseitig st\u00fctzen &#8230; und begleiten &#8230; ein St\u00fcck unseres Weges &#8230; gemeinsam gehen &#8230; zuh\u00f6ren &#8230; achtsam sein &#8230; uns Zeit lassen &#8230; unsere Trauer &#8230; zu verarbeiten &#8230; nicht werten &#8230; Kontakte kn\u00fcpfen &#8230; Information und Hilfen &#8230; anbieten &#8230; keine Therapie\u00a0ersetzen. Wir haben &hellip; <a href=\"https:\/\/agus-kempten.de\/site\/wir-wollen\/\" class=\"more-link\"><span class=\"screen-reader-text\">Wir wollen<\/span> weiterlesen<\/a><\/p>\n","protected":false},"author":1,"featured_media":0,"parent":0,"menu_order":0,"comment_status":"closed","ping_status":"closed","template":"","meta":{"jetpack_post_was_ever_published":false,"footnotes":""},"class_list":["post-9","page","type-page","status-publish","hentry"],"jetpack_sharing_enabled":true,"jetpack_shortlink":"https:\/\/wp.me\/P9tRCy-9","_links":{"self":[{"href":"https:\/\/agus-kempten.de\/site\/wp-json\/wp\/v2\/pages\/9","targetHints":{"allow":["GET"]}}],"collection":[{"href":"https:\/\/agus-kempten.de\/site\/wp-json\/wp\/v2\/pages"}],"about":[{"href":"https:\/\/agus-kempten.de\/site\/wp-json\/wp\/v2\/types\/page"}],"author":[{"embeddable":true,"href":"https:\/\/agus-kempten.de\/site\/wp-json\/wp\/v2\/users\/1"}],"replies":[{"embeddable":true,"href":"https:\/\/agus-kempten.de\/site\/wp-json\/wp\/v2\/comments?post=9"}],"version-history":[{"count":4,"href":"https:\/\/agus-kempten.de\/site\/wp-json\/wp\/v2\/pages\/9\/revisions"}],"predecessor-version":[{"id":51,"href":"https:\/\/agus-kempten.de\/site\/wp-json\/wp\/v2\/pages\/9\/revisions\/51"}],"wp:attachment":[{"href":"https:\/\/agus-kempten.de\/site\/wp-json\/wp\/v2\/media?parent=9"}],"curies":[{"name":"wp","href":"https:\/\/api.w.org\/{rel}","templated":true}]}}

<p>Wir wollen<br />
&#8230; die „Mauer des Schweigens&#8220; überwinden<br />
&#8230; uns gegenseitig stützen<br />
&#8230; und begleiten<br />
&#8230; ein Stück unseres Weges<br />
&#8230; gemeinsam gehen<br />
&#8230; zuhören<br />
&#8230; achtsam sein<br />
&#8230; uns Zeit lassen<br />
&#8230; unsere Trauer<br />
&#8230; zu verarbeiten<br />
&#8230; nicht werten<br />
&#8230; Kontakte knüpfen<br />
&#8230; Information und Hilfen<br />
&#8230; anbieten<br />
&#8230; keine Therapie ersetzen.</p>
<p>Wir haben es uns zur Aufgabe gemacht, die Betroffenen in ihrer Trauer nicht allein zu lassen. Gemeinsam versuchen wir, die neue Situation anzunehmen, Vergangenes hinter uns zu lassen, um in Zuversicht und Vertrauen vorwärts zu gehen.</p>

<p>Wir wollen &#8230; die „Mauer des Schweigens&#8220; überwinden &#8230; uns gegenseitig stützen &#8230; und begleiten &#8230; ein Stück unseres Weges &#8230; gemeinsam gehen &#8230; zuhören &#8230; achtsam sein &#8230; uns Zeit lassen &#8230; unsere Trauer &#8230; zu verarbeiten &#8230; nicht werten &#8230; Kontakte knüpfen &#8230; Information und Hilfen &#8230; anbieten &#8230; keine Therapie ersetzen. Wir haben &hellip; <a href="https://agus-kempten.de/site/wir-wollen/" class="more-link"><span class="screen-reader-text">Wir wollen</span> weiterlesen</a></p>
