{"id":7,"date":"2017-12-17T20:29:29","date_gmt":"2017-12-17T20:29:29","guid":{"rendered":"http:\/\/agus-kempten.de\/site\/?page_id=7"},"modified":"2021-09-23T15:33:15","modified_gmt":"2021-09-23T15:33:15","slug":"selbst-hilfe-gruppe","status":"publish","type":"page","link":"https:\/\/agus-kempten.de\/site\/selbst-hilfe-gruppe\/","title":{"rendered":"Selbst-Hilfe-Gruppe"},"content":{"rendered":"<p><img decoding=\"async\" src=\"http:\/\/agus-kempten.de\/cms\/images\/agus\/Sonne.jpg\" alt=\"\" border=\"0\"><\/p>\n<p>f\u00fcr Suizidhinterbliebende im Allg\u00e4u<\/p>\n<p>&nbsp;<\/p>\n<p>&nbsp;<\/p>\n<p>&#8230; und pl\u00f6tzlich war alles anders&#8230;<\/p>\n<p>Suizid<\/p>\n<p>der Tod \u00fcber den die Gesellschaft schweigt<\/p>\n<p>&nbsp;<\/p>\n<p>Kontaktperson:<\/p>\n<p>Gabi Sager<br \/>\n<span id=\"cloak53559\"><a href=\"mailto:gabi.sager@agus-kempten.de\">gabi.sager@agus-kempten.de<\/a><\/span><br \/>\nTelefon: 0831 97746 oder 0170 2832901<\/p>\n","protected":false},"excerpt":{"rendered":"<p>f\u00fcr Suizidhinterbliebende im Allg\u00e4u &nbsp; &nbsp; &#8230; und pl\u00f6tzlich war alles anders&#8230; Suizid der Tod \u00fcber den die Gesellschaft schweigt &nbsp; Kontaktperson: Gabi Sager gabi.sager@agus-kempten.de Telefon: 0831 97746 oder 0170 2832901<\/p>\n","protected":false},"author":1,"featured_media":0,"parent":0,"menu_order":0,"comment_status":"closed","ping_status":"closed","template":"","meta":{"jetpack_post_was_ever_published":false,"footnotes":""},"class_list":["post-7","page","type-page","status-publish","hentry"],"jetpack_sharing_enabled":true,"jetpack_shortlink":"https:\/\/wp.me\/P9tRCy-7","_links":{"self":[{"href":"https:\/\/agus-kempten.de\/site\/wp-json\/wp\/v2\/pages\/7","targetHints":{"allow":["GET"]}}],"collection":[{"href":"https:\/\/agus-kempten.de\/site\/wp-json\/wp\/v2\/pages"}],"about":[{"href":"https:\/\/agus-kempten.de\/site\/wp-json\/wp\/v2\/types\/page"}],"author":[{"embeddable":true,"href":"https:\/\/agus-kempten.de\/site\/wp-json\/wp\/v2\/users\/1"}],"replies":[{"embeddable":true,"href":"https:\/\/agus-kempten.de\/site\/wp-json\/wp\/v2\/comments?post=7"}],"version-history":[{"count":3,"href":"https:\/\/agus-kempten.de\/site\/wp-json\/wp\/v2\/pages\/7\/revisions"}],"predecessor-version":[{"id":75,"href":"https:\/\/agus-kempten.de\/site\/wp-json\/wp\/v2\/pages\/7\/revisions\/75"}],"wp:attachment":[{"href":"https:\/\/agus-kempten.de\/site\/wp-json\/wp\/v2\/media?parent=7"}],"curies":[{"name":"wp","href":"https:\/\/api.w.org\/{rel}","templated":true}]}}

<p><img decoding="async" src="http://agus-kempten.de/cms/images/agus/Sonne.jpg" alt="" border="0"></p>
<p>für Suizidhinterbliebende im Allgäu</p>
<p>&nbsp;</p>
<p>&nbsp;</p>
<p>&#8230; und plötzlich war alles anders&#8230;</p>
<p>Suizid</p>
<p>der Tod über den die Gesellschaft schweigt</p>
<p>&nbsp;</p>
<p>Kontaktperson:</p>
<p>Gabi Sager<br />
<span id="cloak53559"><a href="mailto:gabi.sager@agus-kempten.de">gabi.sager@agus-kempten.de</a></span><br />
Telefon: 0831 97746 oder 0170 2832901</p>

<p>für Suizidhinterbliebende im Allgäu &nbsp; &nbsp; &#8230; und plötzlich war alles anders&#8230; Suizid der Tod über den die Gesellschaft schweigt &nbsp; Kontaktperson: Gabi Sager gabi.sager@agus-kempten.de Telefon: 0831 97746 oder 0170 2832901</p>
