{"id":34,"date":"2017-12-17T21:07:02","date_gmt":"2017-12-17T21:07:02","guid":{"rendered":"http:\/\/agus-kempten.de\/site\/?page_id=34"},"modified":"2017-12-17T21:07:02","modified_gmt":"2017-12-17T21:07:02","slug":"jetzt-mal-ehrlich","status":"publish","type":"page","link":"https:\/\/agus-kempten.de\/site\/jetzt-mal-ehrlich\/","title":{"rendered":"Jetzt mal ehrlich"},"content":{"rendered":"<div class=\"jetpack-video-wrapper\"><span class=\"embed-youtube\" style=\"text-align:center; display: block;\"><iframe loading=\"lazy\" class=\"youtube-player\" width=\"660\" height=\"372\" src=\"https:\/\/www.youtube.com\/embed\/rz6UekxNIJM?version=3&#038;rel=1&#038;showsearch=0&#038;showinfo=1&#038;iv_load_policy=1&#038;fs=1&#038;hl=de-DE&#038;autohide=2&#038;wmode=transparent\" allowfullscreen=\"true\" style=\"border:0;\" sandbox=\"allow-scripts allow-same-origin allow-popups allow-presentation allow-popups-to-escape-sandbox\"><\/iframe><\/span><\/div>\n<p>Erstausstrahlung 9.11.2015<\/p>\n<p>In Bayern ist bei Jugendlichen der Suizid die zweith\u00e4ufigste Todesursache gleich nach Verkehrsunf\u00e4llen. Vivian Perkovic f\u00e4hrt in den Landkreis Rottal-Inn, wo sich in den letzten Jahren besonders viele &#8211; vor allem junge Menschen &#8211; das Leben genommen haben. Sie trifft Schuldirektoren und Seelsorger, die gemeinsam um eine bessere Betreuung von Jugendlichen in Lebenskrisen durch Schulpsychologen k\u00e4mpfen. Und um mehr \u00d6ffentlichkeit f\u00fcr das sensible Thema.<\/p>\n<p>Die Reporterin besucht auch Kempten, die Stadt im Allg\u00e4u, die den traurigen Rekord der meisten Suizide in Bayern h\u00e4lt. Wissenschaftler um den Leiter des \u00f6rtlichen Bezirkskrankenhauses haben dort s\u00e4mtliche polizeilich dokumentierten Suizidf\u00e4lle aus sechs Jahren ausgewertet. Nach fast zwei Jahren haben die Forscher diese belastende Arbeit zu Ende gebracht und sind auf erstaunliche, neue Erkenntnisse gesto\u00dfen. Vivian Perkovic trifft die Experten und eine Hinterbliebene. Alle sind sich sicher: Mit einer schnelleren und leichter zug\u00e4nglicheren Versorgung von Menschen in Lebenskrisen, lie\u00dfen sich viele Selbstt\u00f6tungen verhindern. Das neue Versorgungsst\u00e4rkungsgesetz soll einen schnellen Zugang zu Facharztterminen wie Notfallsprechstunden bei Psychotherapeuten m\u00f6glich machen. Aber \u00c4rztevertreter und Politiker streiten sich \u00fcber die Wirksamkeit der neuen Regelungen.<\/p>\n<p>Abseits dieser \u00c4nderungen im Gesundheitssystem muss aber vor allem ein vorurteilsfreier Umgang mit psychisch Erkrankten erreicht werden. Das erf\u00e4hrt Vivian Perkovic von Betroffenen, die gegen die Stigmatisierung ihrer Krankheit k\u00e4mpfen. Vivians Fazit: in Bayern muss noch mehr f\u00fcr Suizidpr\u00e4vention getan werden. Welche Warnsignale es gibt, und welche Hilfsm\u00f6glichkeiten bereits bestehen, wird sie in der Sendung ebenfalls zeigen.<\/p>\n<p>&#8222;Jetzt mal ehrlich&#8220; &#8211; kritisch, hintergr\u00fcndig und informativ gehen Rainer Maria Jilg und Vivian Perkovic Fragen nach, die Menschen in Bayern besch\u00e4ftigen. Egal ob aus Politik, Wirtschaft oder Kultur: Sie sind dort, wo sich in Bayern etwas bewegt &#8211; oder bewegen muss.<\/p>\n","protected":false},"excerpt":{"rendered":"<p>Erstausstrahlung 9.11.2015 In Bayern ist bei Jugendlichen der Suizid die zweith\u00e4ufigste Todesursache gleich nach Verkehrsunf\u00e4llen. Vivian Perkovic f\u00e4hrt in den Landkreis Rottal-Inn, wo sich in den letzten Jahren besonders viele &#8211; vor allem junge Menschen &#8211; das Leben genommen haben. Sie trifft Schuldirektoren und Seelsorger, die gemeinsam um eine bessere Betreuung von Jugendlichen in Lebenskrisen &hellip; <a href=\"https:\/\/agus-kempten.de\/site\/jetzt-mal-ehrlich\/\" class=\"more-link\"><span class=\"screen-reader-text\">Jetzt mal ehrlich<\/span> weiterlesen<\/a><\/p>\n","protected":false},"author":1,"featured_media":0,"parent":0,"menu_order":0,"comment_status":"closed","ping_status":"closed","template":"","meta":{"jetpack_post_was_ever_published":false,"footnotes":""},"class_list":["post-34","page","type-page","status-publish","hentry"],"jetpack_sharing_enabled":true,"jetpack_shortlink":"https:\/\/wp.me\/P9tRCy-y","_links":{"self":[{"href":"https:\/\/agus-kempten.de\/site\/wp-json\/wp\/v2\/pages\/34","targetHints":{"allow":["GET"]}}],"collection":[{"href":"https:\/\/agus-kempten.de\/site\/wp-json\/wp\/v2\/pages"}],"about":[{"href":"https:\/\/agus-kempten.de\/site\/wp-json\/wp\/v2\/types\/page"}],"author":[{"embeddable":true,"href":"https:\/\/agus-kempten.de\/site\/wp-json\/wp\/v2\/users\/1"}],"replies":[{"embeddable":true,"href":"https:\/\/agus-kempten.de\/site\/wp-json\/wp\/v2\/comments?post=34"}],"version-history":[{"count":1,"href":"https:\/\/agus-kempten.de\/site\/wp-json\/wp\/v2\/pages\/34\/revisions"}],"predecessor-version":[{"id":35,"href":"https:\/\/agus-kempten.de\/site\/wp-json\/wp\/v2\/pages\/34\/revisions\/35"}],"wp:attachment":[{"href":"https:\/\/agus-kempten.de\/site\/wp-json\/wp\/v2\/media?parent=34"}],"curies":[{"name":"wp","href":"https:\/\/api.w.org\/{rel}","templated":true}]}}

<div class="jetpack-video-wrapper"><span class="embed-youtube" style="text-align:center; display: block;"><iframe loading="lazy" class="youtube-player" width="660" height="372" src="https://www.youtube.com/embed/rz6UekxNIJM?version=3&#038;rel=1&#038;showsearch=0&#038;showinfo=1&#038;iv_load_policy=1&#038;fs=1&#038;hl=de-DE&#038;autohide=2&#038;wmode=transparent" allowfullscreen="true" style="border:0;" sandbox="allow-scripts allow-same-origin allow-popups allow-presentation allow-popups-to-escape-sandbox"></iframe></span></div>
<p>Erstausstrahlung 9.11.2015</p>
<p>In Bayern ist bei Jugendlichen der Suizid die zweithäufigste Todesursache gleich nach Verkehrsunfällen. Vivian Perkovic fährt in den Landkreis Rottal-Inn, wo sich in den letzten Jahren besonders viele &#8211; vor allem junge Menschen &#8211; das Leben genommen haben. Sie trifft Schuldirektoren und Seelsorger, die gemeinsam um eine bessere Betreuung von Jugendlichen in Lebenskrisen durch Schulpsychologen kämpfen. Und um mehr Öffentlichkeit für das sensible Thema.</p>
<p>Die Reporterin besucht auch Kempten, die Stadt im Allgäu, die den traurigen Rekord der meisten Suizide in Bayern hält. Wissenschaftler um den Leiter des örtlichen Bezirkskrankenhauses haben dort sämtliche polizeilich dokumentierten Suizidfälle aus sechs Jahren ausgewertet. Nach fast zwei Jahren haben die Forscher diese belastende Arbeit zu Ende gebracht und sind auf erstaunliche, neue Erkenntnisse gestoßen. Vivian Perkovic trifft die Experten und eine Hinterbliebene. Alle sind sich sicher: Mit einer schnelleren und leichter zugänglicheren Versorgung von Menschen in Lebenskrisen, ließen sich viele Selbsttötungen verhindern. Das neue Versorgungsstärkungsgesetz soll einen schnellen Zugang zu Facharztterminen wie Notfallsprechstunden bei Psychotherapeuten möglich machen. Aber Ärztevertreter und Politiker streiten sich über die Wirksamkeit der neuen Regelungen.</p>
<p>Abseits dieser Änderungen im Gesundheitssystem muss aber vor allem ein vorurteilsfreier Umgang mit psychisch Erkrankten erreicht werden. Das erfährt Vivian Perkovic von Betroffenen, die gegen die Stigmatisierung ihrer Krankheit kämpfen. Vivians Fazit: in Bayern muss noch mehr für Suizidprävention getan werden. Welche Warnsignale es gibt, und welche Hilfsmöglichkeiten bereits bestehen, wird sie in der Sendung ebenfalls zeigen.</p>
<p>&#8222;Jetzt mal ehrlich&#8220; &#8211; kritisch, hintergründig und informativ gehen Rainer Maria Jilg und Vivian Perkovic Fragen nach, die Menschen in Bayern beschäftigen. Egal ob aus Politik, Wirtschaft oder Kultur: Sie sind dort, wo sich in Bayern etwas bewegt &#8211; oder bewegen muss.</p>

<p>Erstausstrahlung 9.11.2015 In Bayern ist bei Jugendlichen der Suizid die zweithäufigste Todesursache gleich nach Verkehrsunfällen. Vivian Perkovic fährt in den Landkreis Rottal-Inn, wo sich in den letzten Jahren besonders viele &#8211; vor allem junge Menschen &#8211; das Leben genommen haben. Sie trifft Schuldirektoren und Seelsorger, die gemeinsam um eine bessere Betreuung von Jugendlichen in Lebenskrisen &hellip; <a href="https://agus-kempten.de/site/jetzt-mal-ehrlich/" class="more-link"><span class="screen-reader-text">Jetzt mal ehrlich</span> weiterlesen</a></p>
