{"id":11,"date":"2017-12-17T20:30:21","date_gmt":"2017-12-17T20:30:21","guid":{"rendered":"http:\/\/agus-kempten.de\/site\/?page_id=11"},"modified":"2017-12-17T20:55:45","modified_gmt":"2017-12-17T20:55:45","slug":"wir-helfen-uns","status":"publish","type":"page","link":"https:\/\/agus-kempten.de\/site\/wir-helfen-uns\/","title":{"rendered":"Wir helfen uns"},"content":{"rendered":"<p>im sch\u00fctzenden Raum einer kleinen,<\/p>\n<p>vertrauensvollen Gespr\u00e4chsgruppe.<\/p>\n<p>Trauernde Angeh\u00f6rige k\u00f6nnen einander treffen,<\/p>\n<p>sich wahrnehmen und langsam begreifen,<\/p>\n<p>was mit ihnen geschieht und warum.<\/p>\n<p>Verst\u00e4ndnisvolles Zuh\u00f6ren und das Zulassen unserer Gef\u00fchle hilft uns<\/p>\n<p>auf dem leidvollen Weg durch die Trauer.<\/p>\n<p><img decoding=\"async\" src=\"http:\/\/agus-kempten.de\/cms\/images\/agus\/Tuere1.png\" alt=\"\" border=\"0\" \/><\/p>\n","protected":false},"excerpt":{"rendered":"<p>im sch\u00fctzenden Raum einer kleinen, vertrauensvollen Gespr\u00e4chsgruppe. Trauernde Angeh\u00f6rige k\u00f6nnen einander treffen, sich wahrnehmen und langsam begreifen, was mit ihnen geschieht und warum. Verst\u00e4ndnisvolles Zuh\u00f6ren und das Zulassen unserer Gef\u00fchle hilft uns auf dem leidvollen Weg durch die Trauer.<\/p>\n","protected":false},"author":1,"featured_media":0,"parent":0,"menu_order":0,"comment_status":"closed","ping_status":"closed","template":"","meta":{"jetpack_post_was_ever_published":false,"footnotes":""},"class_list":["post-11","page","type-page","status-publish","hentry"],"jetpack_sharing_enabled":true,"jetpack_shortlink":"https:\/\/wp.me\/P9tRCy-b","_links":{"self":[{"href":"https:\/\/agus-kempten.de\/site\/wp-json\/wp\/v2\/pages\/11","targetHints":{"allow":["GET"]}}],"collection":[{"href":"https:\/\/agus-kempten.de\/site\/wp-json\/wp\/v2\/pages"}],"about":[{"href":"https:\/\/agus-kempten.de\/site\/wp-json\/wp\/v2\/types\/page"}],"author":[{"embeddable":true,"href":"https:\/\/agus-kempten.de\/site\/wp-json\/wp\/v2\/users\/1"}],"replies":[{"embeddable":true,"href":"https:\/\/agus-kempten.de\/site\/wp-json\/wp\/v2\/comments?post=11"}],"version-history":[{"count":2,"href":"https:\/\/agus-kempten.de\/site\/wp-json\/wp\/v2\/pages\/11\/revisions"}],"predecessor-version":[{"id":33,"href":"https:\/\/agus-kempten.de\/site\/wp-json\/wp\/v2\/pages\/11\/revisions\/33"}],"wp:attachment":[{"href":"https:\/\/agus-kempten.de\/site\/wp-json\/wp\/v2\/media?parent=11"}],"curies":[{"name":"wp","href":"https:\/\/api.w.org\/{rel}","templated":true}]}}